 be the third derivative of 0*f**4 + 0 - 1/6*f**3 + 0*f + 18*f**2 + 1/30*f**5. What is i(2)?
7
Let h(d) = -25*d**2 - 566*d + 8. Let u(f) = 9*f**2 + 206*f - 3. Let l(m) = -4*h(m) - 11*u(m). Let k = 8 + -17. Let r = -5 - k. What is l(r)?
9
Let i be 156/18 - 20/15*-1. Let p(r) = 2*r**3 - 21*r**2 + 10*r - 8. Determine p(i).
-8
Suppose -11 - 4 = -3*x. Let k(f) = f**2. Let j(w) = 12*w + 2*w**2 - w - 2*w - 4*w. Let p(d) = -j(d) + 3*k(d). What is p(x)?
0
Let a(j) = -16*j + 46*j - 14*j - j**2 + 0 - 2 - 19*j. Give a(-3).
-2
Let d(p) = 8*p - 45. Let m(l) = -81*l + 453. Let i(a) = 21*d(a) + 2*m(a). Calculate i(5).
-9
Let u(z) = -z**2 - 2. Let k(l) = -l**2 + l - 6. Let t(p) = k(p) - 2*u(p). Give t(3).
10
Let t(v) = 43*v**3 + 13*v**2 + 14*v + 4. Let h(l) = -27*l**3 - 9*l**2 - 9*l - 3. Let q(d) = -8*h(d) - 5*t(d). Suppose 21 = -0*j - 3*j. Calculate q(j).
-10
Let w(h) = -4*h - 1. Let p be (-50)/(-125) + 56/10. Determine w(p).
-25
Suppose 0 = -5*i - 2*q + 4, 3*q = 3*i + 4 - 19. Let r(g) = 4*g**2 - 5*g**i + 557*g - 567*g - 6. What is r(-9)?
3
Let p(t) = -4*t - 1. Suppose -4 = 4*x - 8. Determine p(x).
-5
Let g = -77 + 74. Let m(d) = -4*d. Determine m(g).
12
Let d(u) be the first derivative of u**4/4 + u**3 - u**2/2 + 5*u + 1. Let i(o) = o**2 - 47*o + 42. Let g be i(46). Determine d(g).
-7
Let i(p) be the first derivative of p**2 + 42*p + 640. Calculate i(-13).
16
Let a(n) be the first derivative of n**2/2 - 7*n + 96. Calculate a(6).
-1
Let n(b) = -18*b + 147. Let h be n(8). Let i(x) = x**3 + x**2 - 2*x - 2. Determine i(h).
28
Let d(q) = -4*q. Let u(f) = 8*f. Let g(b) = -7*d(b) - 3*u(b). Let p be (-2 + 32/12)*-6. Give g(p).
-16
Let d(n) = n**2 + 3*n - 6. Suppose 2*a + 2*a + 24 = 0. Let h(w) = 2*w**2 + 13*w + 1. Let k be h(a). What is d(k)?
4
Let y(k) = -k**2 + 6*k + 9. Suppose 5*p = -4*d + 32, -3*p - 18 = -5*p + d. What is y(p)?
-7
Let k(o) = -o**2 - 8*o**3 + 2*o**3 - 526 + 527. Give k(-1).
6
Let v(y) = y**3 + y**2 - 2*y + 9. Let r be v(0). Let b(x) = -x**2 + 10*x - 12. Give b(r).
-3
Let w(z) be the second derivative of 0 + 0*z**2 - 8*z - 1/6*z**3. Determine w(-6).
6
Let i(m) = m**3 + 0*m**2 - 1 - 5*m**2 + 2*m + 3*m**2. Let a(p) = -3*p - 2. Let t be 0/3 - (0 + 1). Let x be a(t). Calculate i(x).
0
Let s(d) = 2*d**3 + 1. Let z(m) = -5*m**3 - 5*m**2 - 7*m - 4. Let i(b) = 3*s(b) + z(b). Give i(6).
-7
Let i(f) = -f**3 - 8*f**2 + 7*f - 16. Let k be i(-9). Let j(n) = -k*n - 9*n**2 - 9 + 3*n**2 + 3*n - 4*n - n**3. Determine j(-6).
9
Let b(d) = -7*d + 3. Let z(s) = -3*s - 25*s + 30 - 18. Let n(i) = 9*b(i) - 2*z(i). Calculate n(4).
-25
Let i(g) = g**3 - 7*g**2 + 4*g + 8. Let k be i(6). Let o be (18 + 0)/(-2) - 0. Let p = k - o. Let q(z) = -z. Calculate q(p).
-5
Let j(h) = -7*h**3 - h**2 - h - 1. Suppose -2*x = 2*x - 12. Let u(i) = i. Let c be u(x). Suppose -c*z + 0 = 3. What is j(z)?
6
Let i(d) = d**2 + 2*d + 1. Let z = 257 + -139. Let b = z + -120. What is i(b)?
1
Let d(j) = 0 + 2*j + 8 + 2*j. Let r = 503 + -496. Let o(w) = 2*w + 4. Let k(v) = r*o(v) - 3*d(v). What is k(-3)?
-2
Let m(c) be the first derivative of 1/3*c**3 + c - 7/2*c**2 - 10. What is m(8)?
9
Let q(s) be the first derivative of s**2/2 - 11*s - 21. Suppose 2*x + 62 = 4*n, 5*n - x = 2*x + 80. Let o = n + -7. Determine q(o).
-5
Let f(t) = t - 3. Let r be (2 + -2)/(8 - 4). Suppose -10 = -o + 2*k - r*k, -3*k + 6 = 2*o. Calculate f(o).
3
Let r(v) = -54*v - 1. Let n(a) = -6*a. Let c(y) = -5*n(y) + r(y). Calculate c(1).
-25
Let z(r) = 3*r - 24. Let v be z(8). Let l(i) = -i**3 + i**2 + i + 13. Give l(v).
13
Let d(q) = q - 6*q + q**2 + 0*q - 2. Let z be 1/(-4) - 445/(-20). Suppose -3*a = -4*w + 14 + 8, a = 5*w - z. What is d(w)?
-6
Let b(g) = g**3 - 5*g**2 - 5*g - 4. Let x(o) = 4*o - 2. Let t be x(2). Let y be b(t). Suppose -9 = -y*q - 7. Let m(l) = -4*l - 1. Calculate m(q).
-5
Let q = 2775 - 2766. Let m(p) = -p + 11. Determine m(q).
2
Let i = -55 + 57. Let n(f) = 1 - f**i - 9*f**3 - 7*f**3 + 33*f**3 - 15*f**3. Let q = 5 + -3. Determine n(q).
13
Let o(a) be the first derivative of a**4/4 + 5*a**3/3 + 3*a**2/2 - 5*a - 8. Calculate o(-4).
-1
Let s(p) = -6*p - 9. Let x(r) = -7*r - 7. Let d(i) = 6*s(i) - 5*x(i). Let y = 13 + -21. Give d(y).
-11
Let y(z) = -z**3 - 3*z**2 + 3*z + 4. Suppose -3*a = 4*o + 19, -a - 13 = 4*o + 4. Let q be 6*5/(-45)*3. Let u be q/a + 1 + -6. Give y(u).
-5
Let d(r) = r**3 - r**3 + r**3 - 6*r**2 + 4*r. Let n(a) = -32*a + 19*a + 0 - 1 + 12*a. Let i be n(-6). Give d(i).
-5
Suppose p + 9*p = -30. Let q be -4 + (-2 + (2 - -1) - p). Let v(r) = r**2 + r - 3. Give v(q).
-3
Let m(a) = -7*a + 1. Let b be 2/8 - 1/(40/130). Give m(b).
22
Let a(r) = -2*r - 12. Suppose 6*c - 24 = -60. Calculate a(c).
0
Let t(k) = k**2 - 3*k - 2. Let w be ((-12)/(-16))/((-4)/(-16)). Let i be t(w). Let g(r) = r**3 + 2*r**2 - 3*r - 3. Determine g(i).
3
Suppose -4*v - 17 = i, 3*v - 14 + 3 = 4*i. Suppose 6*h + 10 = h. Let o be (32/20 + h)*i. Let g(d) = d**3 - 4*d**2 + 3*d. Calculate g(o).
-2
Let t(a) = -a - 3. Suppose -4*b - 2*u + 6 = 0, -2*b - 4*u + 7 = u. Suppose 3*g + 19 = 5*n, 3*g - 2*n + 7*n = b. What is t(g)?
0
Let z be (3/2)/(212/(-32) - -7). Let k(d) = -3*d + 5. Determine k(z).
-7
Let q(f) = 3*f + 6. Let n = 28 + -39. Let l = n - -13. Suppose 4*z + 24 = -x, z - 3 = l*x - 0*z. Calculate q(x).
-6
Let t(r) = -4*r**2 - 16*r + 42. Let j(i) = -i**2 - 5*i + 14. Let a(o) = 7*j(o) - 2*t(o). Let g(l) be the first derivative of a(l). What is g(-5)?
-13
Suppose -542 = -12*x - 566. Let a(o) = -o**3 + 4*o - 3. Give a(x).
-3
Let d(j) = 14*j**2 - j + 1. Let f(k) = k**2 + 36*k + 1. Let g be f(0). Calculate d(g).
14
Let u(k) = -k**2 - 3*k - 2. Let v = -957 + 953. Give u(v).
-6
Let o = -15 + 19. Suppose o = 5*n - 4*n. Let l(t) = -t**2 + 6*t + 4. Let m(u) = -u**2 + 7*u + 5. Let y(a) = n*l(a) - 3*m(a). Determine y(2).
3
Let i(s) = 3. Let o(p) = -p - 16. Let f(c) = 4*i(c) + o(c). Let r be -2 - -3 - -2*1. Suppose 2*h = -4*y - 18, -h - 7 = -2*y + r*y. What is f(y)?
-2
Let g(b) be the first derivative of b**4/4 - b**3/3 - b**2/2 + 18*b - 78. What is g(0)?
18
Let a(s) be the first derivative of -2*s**2 - 2*s + 76. Suppose -2*n + 8 = -6*n. Give a(n).
6
Let b = 976 - 970. Let l(p) = 2*p**2 - 11*p + 15. Give l(b).
21
Let s be (36/54)/(3/(2 + 7)). Let n(x) = -10*x + 4. Calculate n(s).
-16
Let b(t) = 10*t + 12. Let p(n) = -29*n - 33. Let w(j) = -11*b(j) - 4*p(j). What is w(-1)?
-6
Let o(p) = p**3 - 5*p**2 - 15*p + 9. Suppose 5*k - 202 + 167 = 0. Determine o(k).
2
Let g(p) = -8*p + 1. Suppose 237*k = 230*k - 28. Give g(k).
33
Suppose 0 = 8*w - 345 - 255. Let z = w + -76. Let g(i) = 31*i + 1. Calculate g(z).
-30
Let m(w) = 2*w**3 - w**2 + w + 2. Let x(r) = 2*r - 5*r**3 + 4*r**3 + 3*r**3 + 4*r**2 - 5*r**2 + 3. Let a = 8 - 6. Let c(v) = a*x(v) - 3*m(v). Give c(2).
-10
Let p(a) = -4*a - 37*a**3 - 3*a**2 + 23*a**3 + 2*a + 15*a**3. Calculate p(4).
8
Let k(j) be the second derivative of j**4/4 + j**3 + 2*j**2 - 10*j + 1. What is k(-3)?
13
Let i(j) be the third derivative of j**4/8 - 2*j**3/3 + 55*j**2. Determine i(4).
8
Suppose 2*s = 4*f + 6, 0 = 3*s - 8*s + f + 24. Let p(n) = n - 2. Determine p(s).
3
Let h(s) = -10*s + 16. Let o be h(6). Let y = -48 - o. Let j(i) = -4*i**2 - 2*i + 3*i**2 - 3*i. Calculate j(y).
4
Let c(k) = k**2 + 3*k + 3. Let q(l) = -8*l**2 - 23*l - 1. Let o be q(-3). Give c(o).
7
Let g(s) = 0*s**2 - 54*s + 2*s**2 + 55*s - 7*s**3. Let x = 17 - 12. Suppose 4*a + 9 = o, -x*a = 2*o + 3*o - 20. What is g(a)?
8
Let c(d) = 8*d**3 + d**2 + d - 1. Suppose 1143*a = 1145*a - 2. What is c(a)?
9
Let l(u) be the first derivative of u**6/360 - u**5/24 + u**4/12 + 41*u**3/3 + 4. Let y(q) be the third derivative of l(q). Calculate y(2).
-4
Let o be 7*14/343*(-7)/1. Let u(f) = -7*f - 3. Calculate u(o).
11
Let n(m) be the second derivative of m**5/20 + m**4/12 - m**3/6 - 3*m**2/2 - 10*m + 10. Determine n(-2).
-5
Let p(c) = -c + 5. Let x be p(5). Let l(m) be the third derivative of -1/24*m**4 + 1/120*m**6 - 2/3*m**3 + 0 + 0*m - 1/60*m**5 + 7*m**2. Calculate l(x).
-4
Let n(m) = 1 - 2 + 1 - 3 - 12*m. Suppose -2*g - l - 3 = 0, 6*l = -3*g + 4*l - 4. Determine n(g).
21
Let w be (5/20 + -1)*-4. Let k(t) = 0*t + 4*t + 2*t**2 + 2 - 7*t. Determine k(w).
11
Suppose -6*s + 4 = -4*s. Suppose s*k - 4*k = 14. Let x = k - 2. Let j(t) = -t - 9. Calculate j(x).
0
Let y(i) 